5905?
5
Let j = 2930 + -2507. What is the units digit of j?
3
Let c(a) = -2*a**2 - 2*a - 2. Let s be c(0). Let i = s + -1. What is the tens digit of 23/(69/234)*i/(-2)?
1
Suppose -53 - 443 = -31*v. Suppose -11436 = -v*b + 868. What is the tens digit of b?
6
Let j be (-5 - -8)*(3 + 2). Let k(l) = 25*l - 72. What is the units digit of k(j)?
3
Suppose -16*c - 30033 = -2*c - 294801. What is the ten thousands digit of c?
1
Let y(f) = -f**3 - 9*f**2 + 19*f + 16. Let d be y(-14). Suppose -2*t - 5*q - 28 = -785, -4*q - d = -2*t. Suppose t = 16*c - 1277. What is the units digit of c?
3
Let f be 2/(-6) - 58513/(-39). Suppose 5*v - 1182 = -4*u, -7*v = -5*u - 2*v + f. Suppose -2*a + u = -14. What is the hundreds digit of a?
1
What is the hundreds digit of (-4 - 247/(-76))/((-7)/97160)?
4
Let c = 892 + 7252. What is the thousands digit of c?
8
Suppose 20*l - 18*l = 29*l - 324864. What is the tens digit of l?
3
Let r = 3473 + 1327. What is the thousands digit of r?
4
Let b be (36/15 - (-3)/(-1))*5. Let d be (-3 + (-55)/(-10))/(b/6). Let l = d - -48. What is the units digit of l?
3
Let s(r) = -2*r**2 + 29*r - 55. Let n be s(19). What is the hundreds digit of (n/2)/((-19)/57)?
3
Let u be ((-3)/(-6))/(4/136). Let p(b) = 2*b**3 - 2*b**2 - 9*b - 4. Let r be p(3). Suppose -r*f = -u*f + 240. What is the tens digit of f?
2
Let f(c) = 15*c**2 - 2*c + 3. Let k(u) be the first derivative of -u**3/3 - 19*u**2/2 - 16*u + 5. Let g be k(-18). What is the tens digit of f(g)?
5
Suppose 11*x - 6*x = -70. Let b = -31 - 2. Let k = x - b. What is the units digit of k?
9
Suppose -x - 61*y + 62*y + 48314 = 0, -y = 3*x - 144930. What is the ten thousands digit of x?
4
Let g(a) = -2*a**3 - 27*a**2 - 60*a - 4. What is the thousands digit of g(-16)?
2
Suppose -8589 = 21*r - 130137. What is the units digit of r?
8
Let m(v) = -4*v - 30. Let t be m(-16). What is the units digit of 4 - ((-1)/2 + (-2737)/t)?
5
Suppose 0 = 24*x - 23*x - 250. Suppose x = 2*b - b - 3*v, -2*b + 4*v = -510. What is the tens digit of b?
6
Suppose 4*i - 12848 = -3*s, 4313 - 41 = s + 4*i. What is the tens digit of s?
8
Let q(m) = m**3 + 3*m**2 + 4*m + 9. Let v be q(-4). Let k(o) be the second derivative of -o**3/6 + 25*o**2/2 + 6*o - 7. What is the tens digit of k(v)?
4
Suppose 210862 = 78*k - 40*k. What is the tens digit of k?
4
Let w(v) = 13*v**2 - 137. Let j be w(-12). Let x = j + -258. What is the thousands digit of x?
1
Let o be 4*(-1 + 10/5). Suppose -4*i + 0*z - 64 = o*z, 2*i - 2*z + 28 = 0. What is the hundreds digit of (-115)/i*15 - -3?
1
Let n = -703 - -339. Let h = n + 1147. What is the units digit of h?
3
Let m = 284 - 273. Suppose -3*w = -m*s + 8*s - 615, 3*s = -3*w + 645. What is the tens digit of w?
1
Let u be (-410 - 0)/(320/56 + -6). Suppose -9*z + 16*z - u = 0. What is the units digit of z?
5
Let x be 3/10 - (-3720)/(-400). Suppose -3*s + q = -1867, 0 = -s - 4*q + 5*q + 625. What is the tens digit of 2/2 - s/x?
7
Let a be 7 + 3 + (-18)/(-3). Suppose -2*d + a*d - 11942 = 0. What is the units digit of d?
3
Let v = -426 + 190. What is the units digit of 8 - 16 - -14 - v?
2
Let j = 618 + -345. Suppose 7*o - j = -63. What is the units digit of 3084/o + 4/(-5)?
2
Suppose 0 = 6*h + 65 - 125. Let r(u) = u**3 - 6*u**2 + 8*u + 33. What is the hundreds digit of r(h)?
5
Let i = 357 + -357. Suppose i = 6*d + 1895 - 7205. What is the units digit of d?
5
Suppose -4*w + 6333 = p, -6*p + 3*p - 3177 = -2*w. Suppose -160*f + w = -148*f. What is the units digit of f?
2
Let v = 4751 + -3834. What is the units digit of v?
7
Suppose -y + 4*d = 7, 4*y + 4*d + 17 - 29 = 0. What is the thousands digit of y/((-9)/(-15069)) - 8/24?
1
Let m be (-38)/76 + (-7)/(-2). Suppose 2*r + 4697 = 5*x, m*x - 7*x = 5*r - 3751. What is the units digit of x?
9
Let o(m) = 4843*m - 1041. What is the ten thousands digit of o(6)?
2
Suppose -61*b = -155*b + 374402. What is the thousands digit of b?
3
Suppose l = 2*m + 2063 + 745, 4*m = 20. What is the hundreds digit of l?
8
Let v(f) = 8302*f**2 - 22*f + 10. What is the hundreds digit of v(1)?
2
Suppose -64*k - 51*k = -935410. What is the units digit of k?
4
Let r = 218 + -214. Suppose -14*j + 2286 = r*j. What is the units digit of j?
7
Let i be (-903 - -5)*1*(-21)/6. Suppose 0 = 7*a - i - 798. Suppose 0 = 10*y - 177 - a. What is the units digit of y?
4
Suppose 33*n + 5*n - 18*n - 1262040 = 0. What is the units digit of n?
2
Let y(b) = b**3 + 4*b**2 + 5*b - 23. Suppose -x + 4 = -3*f, -2*f + 39 = 5*x + 2*f. Let v be y(x). Suppose -9*w = 10*w - v. What is the tens digit of w?
2
Suppose 52*p = 32*p - 41*p + 1675548. What is the ten thousands digit of p?
2
Suppose -8*s + 347 = -925. Let k = -112 + s. What is the tens digit of k?
4
Let a(k) = -10329*k + 11047. What is the units digit of a(-4)?
3
Let j = 28333 + 8330. What is the ten thousands digit of j?
3
Let k(z) = z**3 + 56*z**2 - 24*z - 135. What is the tens digit of k(-56)?
0
Let w(r) = 2*r**2 + 5*r + 5. Let z be w(-5). Suppose 0 = -2*g - 557 + 825. Suppose -14 + g = 4*m + 3*i, -m + 3*i = -z. What is the units digit of m?
0
Let o(q) = q**3 + 156*q**2 - 437*q - 55. What is the tens digit of o(-156)?
1
Suppose -164*a + 2763691 = -303929. What is the thousands digit of a?
8
Let y be ((-4)/6)/((-44)/(-462)). Let s(w) = 15*w**2 + 6*w - 8. What is the units digit of s(y)?
5
Suppose -11*i + 516 + 892 = 0. Suppose 6*s - 3*s = -2*d + i, -3*d - 15 = 0. What is the tens digit of s?
4
Suppose v = -3*c + 432, 0 = -4*v + 33*c - 29*c + 1808. What is the hundreds digit of v?
4
Let g be (-210)/(-66) - (-2 + 24/11). What is the units digit of ((-6)/14 - g/(-7)) + 284?
4
Let n be (3*15/(-9))/(-1). Suppose -q + 6*q + 1735 = 5*k, 0 = n*k + 4*q - 1744. What is the hundreds digit of k?
3
Let d = -41 + 53. Let m be 6/(-8) - -3 - 3/d. Suppose 0*b = -m*x + b + 38, 0 = 4*x - 5*b - 64. What is the units digit of x?
1
Let j = 223 + -676. What is the hundreds digit of (-8)/(-3 - 5) - j?
4
Let m(w) = 195*w**3 + 2*w**2 + 50*w - 203. What is the ten thousands digit of m(5)?
2
Let g be (-2)/9 - (-29682)/162. Let h(m) = -m**2 + m - 11. Let q be h(-8). Let p = q + g. What is the tens digit of p?
0
Let b(i) = 5*i**2 - 19*i - 46. Let p be b(-8). Suppose 427*m - p*m - 1026 = 0. What is the thousands digit of m?
1
Let m = 363 + -293. Suppose a = -m + 222. What is the hundreds digit of a?
1
Let n(q) = 3*q**2 + 5*q. Let x be n(-2). Let g(t) = 13*t**2 - 22*t**x + 11*t**2 + 25. What is the tens digit of g(0)?
2
Let s be (6 - -232) + 2 + -3. Suppose 2*p - 5*y - s = 118, 0 = -5*p + y + 899. What is the units digit of p?
0
Let d(m) = 4*m**2 + 4*m + 3. Let v be d(4). Suppose 5580 = 7*b + 89*b + 1260. Let t = v + b. What is the tens digit of t?
2
Let v(b) be the third derivative of 53*b**4/24 - b**3/2 - 20*b**2 - 8. Suppose 7*k - 16 = 3*k. What is the tens digit of v(k)?
0
What is the thousands digit of (73808/(-12))/(-7 - (-209)/33)?
9
Let y = 16 + -14. Let m(x) = x**3 + x**3 - 147 + 150 - 7*x - 3*x**y. What is the tens digit of m(5)?
4
Let k = 193 - 228. Let m = k + 65. What is the tens digit of m?
3
Suppose -30*b - 5*y - 22689 = -33*b, 0 = 5*b - 2*y - 37853. What is the hundreds digit of b?
5
Suppose 65287 = -8*g + 27*g - 272096. What is the ten thousands digit of g?
1
Let s = 22 - 17. Suppose 3*x = -3*r + 3, -r - 15 = -s*x - 4*r. Let i(a) = 2*a**3 - 7*a**2 - 3*a. What is the tens digit of i(x)?
6
Let a(w) = -616*w + 7254. What is the thousands digit of a(0)?
7
Let p(a) = -a - 30 + 27 - a + 0*a. Let q be p(2). Let g = q - -23. What is the tens digit of g?
1
Suppose 5*m = -r - 18, -3*r = r + 4*m + 8. Let c(v) = 70*v**2 - 27*v - 1. What is the tens digit of c(r)?
2
Suppose 22 = 3*u + 7. Suppose 0 = -4*m - p + 6*p + 1612, 0 = -u*m + 2*p + 1998. What is the hundreds digit of m?
3
Suppose -25*s + 31*s - 16812 = 0. Suppose -90*i + 87*i = -s. What is the units digit of i?
4
Let p = 286 - 148. Let v be (-22)/10 + 3/15 - p. Let w = v + 359. What is the tens digit of w?
1
Let d = -86 + 97. Suppose -d*x - 148 = -2414. What is the units digit of ((-10)/(-20))/(1/x)?
3
Let w be 24/16 + 3291/6. Suppose 3*k - 1672 + w = 0. What is the hundreds digit of k?
3
Suppose -2 = -8*s + 46. Suppose 1416 = s*r - 750. What is the units digit of r?
1
Suppose 64*r = 13*r + 47673 + 505269. What is the thousands di